139159 prime?
False
Is 29348309 prime?
True
Is 8443417 prime?
False
Is 50086507 composite?
False
Is 5547621 a prime number?
False
Is 1860821 composite?
False
Is 5472217 a composite number?
True
Is 774971 composite?
True
Is 17904151 a prime number?
True
Is 459785629 a composite number?
False
Is 503373011 composite?
False
Is 27293807 a composite number?
False
Is 2114429 composite?
False
Is 6286103 prime?
False
Is 2414749 a prime number?
True
Is 1693739 prime?
False
Is 27122827 composite?
False
Is 298019 composite?
True
Is 546523 composite?
False
Is 327058337 prime?
True
Is 13791677 composite?
True
Is 2750357 prime?
True
Is 78379558 prime?
False
Is 66631567 a prime number?
False
Is 186967247 a composite number?
False
Is 981307 a prime number?
False
Is 18575767 prime?
False
Is 25538593 prime?
True
Is 416931 prime?
False
Is 1292573 prime?
False
Is 1721597 composite?
True
Is 10600771 composite?
False
Is 37538989 a composite number?
False
Is 3296471 composite?
True
Is 1452079 a composite number?
False
Is 110961811 a prime number?
True
Is 296745481 prime?
True
Is 2958821 a prime number?
True
Is 111398471 composite?
False
Is 2103289 a composite number?
True
Is 2524559 composite?
True
Is 1960867 a prime number?
True
Is 18342241 a composite number?
True
Is 66112777 prime?
True
Is 8663819 a composite number?
False
Is 5186261 composite?
False
Is 44928995 a prime number?
False
Is 6556879 prime?
False
Is 4264811 a composite number?
False
Is 71435081 a prime number?
True
Is 62741 a composite number?
True
Is 206977 prime?
False
Is 829761 a composite number?
True
Is 1291919 prime?
False
Is 7905487 composite?
True
Is 6917047 prime?
True
Is 14921111 a prime number?
False
Is 21907265 prime?
False
Is 15274141 composite?
False
Is 175681993 prime?
True
Is 24026453 prime?
False
Is 297993547 a prime number?
True
Is 56311547 a prime number?
False
Is 1408349 a prime number?
True
Is 12273487 a prime number?
False
Is 6114463 prime?
True
Is 58677119 a composite number?
False
Is 342840347 prime?
False
Is 95819131 prime?
False
Is 587058163 a composite number?
False
Is 1279021 prime?
True
Is 999221 composite?
False
Is 7537303 a composite number?
True
Is 9623021 a prime number?
True
Is 10834657 prime?
False
Is 5964551 a composite number?
False
Is 91186189 prime?
False
Is 4136555 prime?
False
Is 1918249 a composite number?
True
Is 72223417 a composite number?
True
Is 3506663 composite?
False
Is 36871 prime?
True
Is 5910277 a prime number?
True
Is 6396431 prime?
False
Is 985702879 a prime number?
False
Is 6341297 a prime number?
True
Is 11338251 prime?
False
Is 8769217 a prime number?
True
Is 1360379 prime?
False
Is 5411521 a prime number?
True
Is 38755961 composite?
True
Is 30562229 prime?
True
Is 1393591 a prime number?
False
Is 14786197 a composite number?
False
Is 59678383 prime?
True
Is 239922691 a prime number?
True
Is 9621487 composite?
False
Is 6342433 a composite number?
True
Is 4146433 prime?
False
Is 10704623 a prime number?
True
Is 27444399 a composite number?
True
Is 2327987 a prime number?
True
Is 3250403 composite?
True
Is 36710881 composite?
False
Is 31409837 composite?
False
Is 573411463 a composite number?
False
Is 5917763 a prime number?
False
Is 36985313 composite?
False
Is 839599 a composite number?
False
Is 49628521 composite?
True
Is 4017381 composite?
True
Is 11716795 a prime number?
False
Is 14544239 a prime number?
False
Is 33785671 prime?
False
Is 243287717 composite?
False
Is 6349817 a prime number?
False
Is 310559 composite?
False
Is 255896467 composite?
True
Is 12090853 a prime number?
True
Is 4535341 composite?
False
Is 573640117 a prime number?
True
Is 10223823 a prime number?
False
Is 28005947 prime?
False
Is 179841643 a prime number?
True
Is 74911183 a composite number?
False
Is 4439821 composite?
False
Is 207629 a composite number?
False
Is 2146091 prime?
True
Is 150914021 prime?
True
Is 27361331 prime?
False
Is 12498713 a prime number?
False
Is 3951203 a composite number?
True
Is 28943983 a prime number?
True
Is 8865431 prime?
True
Is 1152589 a prime number?
True
Is 14027861 a composite number?
True
Is 9730291 a prime number?
True
Is 390653687 prime?
True
Is 5200259 composite?
True
Is 168371627 a composite number?
True
Is 5346703 a prime number?
False
Is 12219737 composite?
False
Is 14232319 composite?
True
Is 7280669 composite?
True
Is 259751 prime?
True
Is 12290603 composite?
True
Is 1084381 composite?
True
Is 3064057 a composite number?
True
Is 434960593 prime?
True
Is 100338929 composite?
True
Is 19673699 a composite number?
False
Is 21106883 a prime number?
False
Is 3774397 prime?
False
Is 500893 prime?
False
Is 9738829 composite?
False
Is 73379357 prime?
False
Is 139152581 a prime number?
True
Is 7653481 prime?
False
Is 2270929 a composite number?
False
Is 83343307 a prime number?
True
Is 121191439 a prime number?
False
Is 555163957 a composite number?
False
Is 88576723 composite?
True
Is 15094649 a prime number?
True
Is 991847 prime?
False
Is 88352193 composite?
True
Is 4060499 composite?
True
Is 1629851 a prime number?
True
Is 15555347 composite?
False
Is 3645101 prime?
True
Is 35908427 prime?
True
Is 399952415 prime?
False
Is 65395429 composite?
True
Is 10982869 composite?
False
Is 8263159 composite?
True
Is 161467571 a prime number?
False
Is 62892377 a composite number?
True
Is 29357249 composite?
True
Is 758099 a composite number?
False
Is 3356081 a prime number?
True
Is 4523357 prime?
True
Is 4094551 prime?
False
Is 42311791 prime?
False
Is 36996851 a prime number?
True
Is 1554559 composite?
False
Is 16621471 a prime number?
False
Is 141385 a composite number?
True
Is 5610541 a prime number?
True
Is 2225701 a prime number?
True
Is 4699931 a prime number?
True
Is 5816009 a composite number?
False
Is 17763593 composite?
False
Is 2134463 a prime number?
True
Is 37994797 a composite number?
True
Is 38146753 a composite number?
True
Is 665957 a prime number?
False
Is 2667323 prime?
False
Is 57881 a prime number?
True
Is 1658497 a composite number?
False
Is 39785023 prime?
False
Is 103705751 prime?
True
Is 298591 composite?
True
Is 437410513 composite?
True
Is 1750447 composite?
False
Is 5112841 composite?
False
Is 333019 a prime number?
True
Is 8503 a composite number?
True
Is 283758467 a prime number?
False
Is 130769 a prime number?
True
Is 160496341 composite?
False
Is 1890179 a composite number?
True
Is 499259 a prime number?
False
Is 229020113 prime?
False
Is 1563697 composite?
True
Is 76772971 a prime number?
False
Is 6598271 prime?
True
Is 1016839 a composite number?
False
Is 6549019 a composite number?
False
Is 5706221 composite?
False
Is 1004791123 a prime number?
False
Is 6044887 a composite number?
True
Is 228637 prime?
True
Is 175753 a composite number?
False
Is 18223817 prime?
True
Is 599899 a composite number?
False
Is 942847 composite?
False
Is 3765829 a prime number?
True
Is 179949793 a composite number?
True
Is 229606649 a composite number?
False
Is 73369007 a composite number?
True
Is 879119 a composite number?
False
Is 14143 a composite number?
False
Is 666350749 a composite number?
True
Is 2204327 prime?
True
Is 11147723 composite?
True
Is 6761795 prime?
False
Is 6970751 a prime number?
True
Is 72018019 composite?
False
Is 676021 a prime number?
False
Is 309623 composite?
False
Is 19211531 composite?
False
Is 529947811 composite?
True
Is 798907 composite?
True
Is 24507011 a composite number?
False
Is 25967003 prime?
True
Is 178249 composite?
False
Is 340573 composite?
False
Is 7175191 a composite number?
False
Is 37055 prime?
False
Is 134287 composite?
False
Is 341595565 a prime number?
False
Is 18675383 a composite number?
False
Is 95386679 a prime number?
True
Is 96461639 a composite number?
True
Is 13285621 a composite number?
False
Is 21602417 prime?
True
Is 382921441 prime?
False
Is 38098459 a prime number?
False
Is 5500463 a composite number?
False
Is 4105757 a composite number?
True
Is 2805389 composite?
False
Is 18931169 composite?
False
Is 12165289 composite?
True
Is 33905257 composite?
True
Is 21615931 a composite number?
False
Is 1178077739 composite?
False
Is 17586917 composite?
True
Is 17483309 prime?
True
Is 2142311 composite?
True
Is 3135943 composite?
False
Is 11538181 a composite number?
False
Is 